{"id":2,"date":"2019-12-16T20:25:38","date_gmt":"2019-12-17T01:25:38","guid":{"rendered":"http:\/\/logitrack.info\/wordpress\/?page_id=2"},"modified":"2019-12-17T22:03:46","modified_gmt":"2019-12-18T03:03:46","slug":"pagina-ejemplo","status":"publish","type":"page","link":"https:\/\/logisticayseguridad.com\/wordpress\/pagina-ejemplo\/","title":{"rendered":"Misi\u00f3n y Visi\u00f3n"},"content":{"rendered":"\n<h2 class=\"wp-block-heading\">Nuestra Empresa<\/h2>\n\n\n\n<h3 class=\"wp-block-heading\">Visi\u00f3n<\/h3>\n\n\n\n<blockquote class=\"wp-block-quote is-layout-flow wp-block-quote-is-layout-flow\"><p>Ser la mejor empresa de soluciones en software se seguimiento vehicular, llenando las expectativas de los clientes. Siendo vers\u00e1tiles en el cambio de los diferentes mercados nacionales e internacionales.  <\/p><p>Ser reconocidos en el mercado por Calidad, Seguridad y Confianza. <\/p><\/blockquote>\n\n\n\n<h3 class=\"wp-block-heading\">Misi\u00f3n<\/h3>\n\n\n\n<blockquote class=\"wp-block-quote is-layout-flow wp-block-quote-is-layout-flow\"><p> Brindarle al mercado una herramienta de Software para el seguimiento de veh\u00edculos y personas, con caracter\u00edsticas muy f\u00e1ciles de entender para el usuario. <\/p><p> Sistema que permite autom\u00e1ticamente tener notificaciones  del software al usuario por medio de internet, mail o Smartphone. <\/p><\/blockquote>\n","protected":false},"excerpt":{"rendered":"<p>Nuestra Empresa Visi\u00f3n Ser la mejor empresa de soluciones en software se seguimiento vehicular, llenando las expectativas de los clientes. Siendo vers\u00e1tiles en el cambio de los diferentes mercados nacionales e internacionales. Ser reconocidos en el mercado por Calidad, Seguridad y Confianza. Misi\u00f3n Brindarle al mercado una herramienta de Software para el seguimiento de veh\u00edculos&hellip; <br \/> <a class=\"read-more\" href=\"https:\/\/logisticayseguridad.com\/wordpress\/pagina-ejemplo\/\">Leer m\u00e1s<\/a><\/p>\n","protected":false},"author":1,"featured_media":0,"parent":0,"menu_order":0,"comment_status":"closed","ping_status":"open","template":"","meta":{"footnotes":""},"class_list":["post-2","page","type-page","status-publish","hentry"],"_links":{"self":[{"href":"https:\/\/logisticayseguridad.com\/wordpress\/wp-json\/wp\/v2\/pages\/2","targetHints":{"allow":["GET"]}}],"collection":[{"href":"https:\/\/logisticayseguridad.com\/wordpress\/wp-json\/wp\/v2\/pages"}],"about":[{"href":"https:\/\/logisticayseguridad.com\/wordpress\/wp-json\/wp\/v2\/types\/page"}],"author":[{"embeddable":true,"href":"https:\/\/logisticayseguridad.com\/wordpress\/wp-json\/wp\/v2\/users\/1"}],"replies":[{"embeddable":true,"href":"https:\/\/logisticayseguridad.com\/wordpress\/wp-json\/wp\/v2\/comments?post=2"}],"version-history":[{"count":2,"href":"https:\/\/logisticayseguridad.com\/wordpress\/wp-json\/wp\/v2\/pages\/2\/revisions"}],"predecessor-version":[{"id":12,"href":"https:\/\/logisticayseguridad.com\/wordpress\/wp-json\/wp\/v2\/pages\/2\/revisions\/12"}],"wp:attachment":[{"href":"https:\/\/logisticayseguridad.com\/wordpress\/wp-json\/wp\/v2\/media?parent=2"}],"curies":[{"name":"wp","href":"https:\/\/api.w.org\/{rel}","templated":true}]}}